b + 232. Suppose 5*h - 4*p = -0*h + 86, 3*h - b = 4*p. What is the units digit of h?
4
Let j = 462 - -595. Let o = j - 739. What is the units digit of o/27 - (-2)/9?
2
Suppose -4*t = 8 - 16. What is the units digit of 6/(-12)*-18*t?
8
Let b be (-18)/3*(-2)/4. Suppose b*i = 5*i - 2. What is the units digit of i?
1
Suppose 2*q = 8 + 4. What is the units digit of q?
6
Let k(j) = -j**3 + 4*j**2 + 3. Let c be k(4). Suppose c*p - z - 17 = -5, 13 = 2*p + z. Suppose -30 = -p*v - 5. What is the units digit of v?
5
Suppose 105 = -2*m + 5*m. What is the tens digit of m?
3
Let n(t) = -27*t. What is the units digit of n(-6)?
2
Let l be ((-2)/4)/(8/(-48)). Suppose 5*u - 89 = j, -l*u - 5*j + 97 = 38. What is the tens digit of u?
1
Let k(m) = m. Let j(u) = -3*u + 9. Let n(v) = -j(v) + 2*k(v). What is the tens digit of n(6)?
2
Suppose -5*z + 4*z + v + 7 = 0, 0 = -4*z - 2*v + 4. Suppose 3*o + 9 = z*b, 2*b + 2*b - 12 = -5*o. Suppose o = -3*n + 4 - 1. What is the units digit of n?
1
Let r be 28/6 - (-1)/3. Suppose 0 = -4*l, -54 = -4*v - r*l - 2. Let c = 20 - v. What is the units digit of c?
7
Let n(a) = 27*a**2 + 2*a - 8. What is the units digit of n(-4)?
6
Let x = 19 + -28. Let p be (3/(-5))/(x/90). What is the units digit of 3/(-1)*(-2)/p?
1
Suppose 34 = -f + 110. What is the tens digit of f?
7
Suppose -2*r + 0*r = 8. Let i = r - -6. Suppose i - 30 = -4*o. What is the units digit of o?
7
Let d(v) = v + 5. Let g = -2 + 5. Let f = -6 + g. What is the units digit of d(f)?
2
Suppose -h - 1 = -2*w + 2, 2*h - 3*w + 1 = 0. What is the units digit of 9/h - (-4)/(-14)?
1
Let k be (4/(-10))/(10/(-50)). Suppose -k*l + 2*n - 1 + 19 = 0, 0 = -l - 3*n - 11. What is the units digit of l?
4
Suppose 2*y - 17 - 5 = 0. Let l = 17 - y. What is the units digit of l?
6
Let f(r) = 1. Let g(a) = -5*a - 15. Let p(j) = 3*f(j) + g(j). Let q(m) = 11*m + 25. Let u(y) = -13*p(y) - 6*q(y). What is the units digit of u(5)?
1
Let w = 1 - -1. What is the units digit of 9/2 + 3/w?
6
Suppose 4*i + 2*z - 3 = 3*z, -5*i + 6 = -2*z. Suppose 21 = 3*c - i. Suppose 0 = 2*s + 3*r - c*r - 36, -3*s + 27 = 3*r. What is the tens digit of s?
1
Let m(j) = 7*j**2 + 16*j + 14. Let w(x) = 3*x**2 + 8*x + 7. Let g(n) = 2*m(n) - 5*w(n). Let l be g(-7). Suppose 0 = -a - l + 9. What is the units digit of a?
9
Let b(c) = 8*c**2 - 3*c + 1. What is the hundreds digit of b(-4)?
1
Let m = 1143 + -783. What is the units digit of m?
0
Let j be (-4)/(-18) + 10/(-45). Suppose r + 4*n = -9 - j, -2*n = -r + 21. What is the units digit of r?
1
Let y(s) = s + 12. Let z be y(-5). Suppose -q + 0 = -z. What is the units digit of q?
7
Let j(w) = w**3 - 7*w**2 - 2*w + 8. What is the tens digit of j(8)?
5
Let t = 21 - 18. Let w = 9 - 5. What is the units digit of (w/t - 2)*-6?
4
Suppose 0 = r, 3*j + j - 244 = 4*r. What is the tens digit of j?
6
Let w(p) = 2*p**2 - 2*p - 1. Let l be w(-1). Suppose -7 - l = -5*k. Suppose -3 = -k*m + 9. What is the units digit of m?
6
Let f(h) = -5*h**2 + h - 9. Let y(t) = -11*t**2 + t - 19. Let o(x) = 13*f(x) - 6*y(x). Let g be o(-7). What is the units digit of (-9)/g*(-16)/(-3)?
6
Let h = 51 + -89. Let t be 1/(-2) + h/(-4). Suppose v = b + 2*v - 11, b + t = 3*v. What is the units digit of b?
6
Suppose -4*v + 2*y - 80 + 6 = 0, -v - 5*y - 13 = 0. Let q = 31 + v. What is the tens digit of q?
1
Suppose -4*z + 4 = -8. Suppose -5*r + 2*b + 18 = z*b, -3 = 4*r - 5*b. What is the tens digit of 1/r - (-212)/12?
1
Let r = -66 + 119. What is the units digit of r?
3
Let z(t) = 2*t**2 + 4*t - 3. Let s be z(-4). Suppose -2*g + s = -c, 10 = 3*g + c - 2. Suppose -g*h = -21 - 4. What is the units digit of h?
5
Let v(c) = -c - 8. What is the units digit of v(-13)?
5
Suppose -12*l - l + 1235 = 0. What is the tens digit of l?
9
Let m = 447 + -257. What is the hundreds digit of m?
1
Let t(w) = -w**3 - 6*w**2 - 8*w - 6. Let k be t(-6). Suppose -2*p = p - k. What is the tens digit of p?
1
Let a(i) be the first derivative of 1 + 1/4*i**4 - 4*i + 2/3*i**3 - 5/2*i**2. What is the units digit of a(-3)?
2
Let z be (1/2)/(10/120). Suppose m - z*m = -90. Let f = 35 - m. What is the units digit of f?
7
Suppose 6*l - l = -15, 5*l - 185 = -5*r. Suppose 0 = 5*a - 125 + r. What is the tens digit of a?
1
Let v(o) = 3*o + 1. Let u be v(3). Let n = -1 + u. What is the units digit of n?
9
Suppose 0*v = 5*v - 40. Let j be 2/v + 118/8. Let g = -11 + j. What is the units digit of g?
4
Suppose 2*u - 2*k = 5*u - 297, 5*u - 479 = 2*k. Suppose h = 6*h + 4*r - u, 0 = 3*h + 3*r - 57. What is the units digit of h?
1
What is the units digit of (-10)/4*(-85 + 1 + -2)?
5
Let r(t) = -t**2 - 7*t - 7. Let q be r(-6). Let f = q - -6. What is the units digit of f?
5
Let h be (2/(-5))/(1/5). What is the tens digit of 3 - -9 - (2 + h)?
1
Let g(r) = 45*r + 16. What is the tens digit of g(3)?
5
Let k be (-2 + 1)/((-3)/(-9)). Let w = 29 + -13. Let a = w + k. What is the tens digit of a?
1
Let h be ((-30)/4)/(24/(-320)). Suppose -4*f + 9*f = h. What is the units digit of f?
0
Suppose -2*r = -89 + 7. What is the units digit of r?
1
Let i be 4/(-8) + 31/2. Let u be (-117)/i + (-1)/5. Let c(j) = j**2 + 6*j - 8. What is the units digit of c(u)?
8
What is the tens digit of 260*(2 - (1 - (-3)/(-6)))?
9
Suppose 4*o = 3*o + 14. Suppose 14 = 2*m - 4*b, 0 = -2*m - 4*b + o. What is the units digit of m?
7
Let u(h) = h**3 - 2*h - 1. Let y be u(-1). Suppose 4*r - r - 48 = y. What is the tens digit of r?
1
Suppose -5*n + 147 = -23. What is the units digit of n?
4
Let r = -153 + 180. What is the tens digit of r?
2
Suppose 20 = q + 3*q. Let p(h) = -4 + 3*h + 0 - 3 + 0*h. What is the units digit of p(q)?
8
Let r = 37 - 18. Let j = 27 - r. What is the units digit of j?
8
Let u(b) = b**2 + 3*b - 3. Let i be u(3). Suppose 0 = -4*w + w + i. Let p = w + -2. What is the units digit of p?
3
Suppose 3*g + 2*x - 11 = 0, 5*g - 2*g - 14 = -5*x. Suppose -g*b + 0*b + 51 = 0. What is the tens digit of b?
1
Suppose 26 = -5*k - 2*h, -2*h + 1 = -3. Let d = 5 + -2. What is the tens digit of k*d/((-18)/15)?
1
Let c = -66 + 95. What is the units digit of c?
9
Let u = 178 - 106. What is the tens digit of u?
7
Let d = -377 + 616. What is the hundreds digit of d?
2
What is the tens digit of (148 + 2)/1*6/12?
7
Let w(g) = -2*g - 12. Let t be w(-8). Let z = t + -1. What is the units digit of z?
3
Suppose 3*l + 18 = 120. What is the units digit of l?
4
Let m(t) = -2*t + 5. Let q(x) = -4*x + 11. Let n(y) = 10*m(y) - 4*q(y). What is the units digit of n(-4)?
2
Let x = 2 - 1. Let j = x - 1. Let k = j + 7. What is the units digit of k?
7
What is the units digit of (-1)/2*(-14 + 0)?
7
Suppose 23 = -2*n - w, -4*n - w - 31 = 4*w. Let l = -8 - n. Suppose -8 = -4*d + 2*v, -2*d = -v + 5*v + l. What is the units digit of d?
1
Let z = 5 + -3. Suppose 22 = -3*v + 5*a, a = -3*a + 20. Suppose y - z + v = 0. What is the units digit of y?
1
Let p be (-2 - 0)/2*0. Suppose p = -2*c - 2*c. Suppose c = -l + 4*l - 12. What is the units digit of l?
4
Let j = 6 + -2. Suppose -5*k + 22 = -2*o, 0 = -3*k + k + j. Let g = o + 13. What is the units digit of g?
7
Suppose 4 = -3*x + 7. What is the units digit of (3/(-5))/(x/(-5))?
3
Let h(t) = -t**3 + 7*t**2 + t - 4. Let i be h(7). Suppose 5*z - 25 = 5*o, i*z + 0*o + o = 3. What is the units digit of z?
2
Let t = -6 - -6. Let c(r) = r + 10. What is the units digit of c(t)?
0
Let v be 480/(-27) + (-2)/9. Let l = v + 10. What is the units digit of ((-12)/l)/(3/4)?
2
Let x(o) = 4 - 5 + 2*o - o + 6. Suppose -14 = t + 2*i, 0*i - 33 = 2*t + 5*i. What is the units digit of x(t)?
1
Suppose -3*d + 65 = -73. What is the units digit of d?
6
Suppose -2*t = 2*t - 224. What is the units digit of t?
6
Let y(q) be the first derivative of -2*q**2 - 8*q + 8. What is the units digit of y(-11)?
6
Suppose 0 = -o + c + 124, -2*o = 3*o - 3*c - 622. What is the units digit of o?
5
Let b(i) = 3*i**2 - i - 4. Let x be b(3). Suppose x = u + u. What is the units digit of u?
0
Suppose -4*j - w = -0*j - 679, 2*w + 10 = 0. What is the units digit of j?
1
Let u = -10 - -6. Let g be 98/12 + u/24. Let d = -7 + g. What is the units digit of d?
1
Let z be ((-2)/6)/((-5)/(-105)). Let a = z - -16. What is the units digit of a?
9
Let n(m) = m**3 + 3*m + 3. Let u(a) = 2*a**3 - a**2 + 7*a + 6. Let z(h) = -7*n(h) + 3*u(h). Wh